5
Suppose 7*j = 2353 + 447. List the prime factors of j.
2, 5
Let u = 636 + 4118. List the prime factors of u.
2, 2377
What are the prime factors of (732/(-18))/(1/(-3))?
2, 61
Let v(n) = -199*n - 167. What are the prime factors of v(-5)?
2, 3, 23
Let p = 1032 - 487. List the prime factors of p.
5, 109
Let c = -2078 - -4433. What are the prime factors of c?
3, 5, 157
List the prime factors of 14328/13 + (162/(-39) - -4).
2, 19, 29
Let q(i) = -i**3 + 0*i**3 - 14*i**2 - 5*i + 21*i**2 + 5 - 1. List the prime factors of q(5).
29
Suppose 14 = -6*d + 254. List the prime factors of d.
2, 5
Let u = 12 + -6. Let l(k) = k**2 + k + 3. What are the prime factors of l(u)?
3, 5
Suppose -2*d + g + g - 6 = 0, g = 5*d + 7. Let o be (3 - (d - -4)) + -2. List the prime factors of o + 25 + 8/4.
5
Let z(p) = p**3 - 15*p**2 - 17*p + 32. Let t be z(16). Suppose -3*g - 2*g + 10 = 0, -t = -m + 3*g. List the prime factors of m.
2, 11
Let h be (-18)/24 + 15/4. Suppose h*f = -0*f + 888. What are the prime factors of f?
2, 37
Suppose -16350 = 12*b - 17*b. What are the prime factors of b?
2, 3, 5, 109
Let t(z) = 54*z - 210. What are the prime factors of t(10)?
2, 3, 5, 11
Suppose -4*i + 5*c + 1775 = 0, -i - 2*c + 449 = 2*c. List the prime factors of i.
5, 89
Let n be 18/4*((-5)/(-3) - -1). What are the prime factors of (-1)/3 - (-904)/n?
3, 5
Let h(s) = -15*s + 16. Let a be h(11). Let i = a + 431. What are the prime factors of i?
2, 3, 47
Suppose 0 = -b + 3*b - 30. Suppose -2*f + 7*f = b. List the prime factors of f + 9 - -4 - -3.
19
Let d = 1398 + -522. What are the prime factors of d?
2, 3, 73
Let v(d) = -d**3 - 4*d**2 - 5*d - 6. Suppose 8*n - 10 = 10*n. Let w be v(n). Suppose -w = -3*j + 2*j - 2*b, -2 = 2*b. What are the prime factors of j?
2, 23
Let a = -1514 + 2720. What are the prime factors of a?
2, 3, 67
Let l(s) = 0*s - 36 + s**3 - 6*s - 5*s**2 + 37 + 0*s**3. Let d be l(6). What are the prime factors of d - (-16)/(-4) - -10?
7
Let o = 82 + -78. Suppose -q = q + s - 63, q - 44 = 2*s. Suppose -d = -o*h - q, -d + 3*h + 24 = -13. List the prime factors of d.
2, 23
Let u(c) = -c + 27. Let t be u(22). What are the prime factors of (-9)/15 - (-573)/t?
2, 3, 19
Let f(c) = -6*c**2 - 9 + 2 + 14*c**2 + 6*c. What are the prime factors of f(3)?
83
Suppose 11 = -3*h + 26. Suppose o + 0*m = 2*m + 37, 4*o + 2*m - 138 = 0. Suppose -d - d + 4*z = -40, h*z = 2*d - o. What are the prime factors of d?
2, 3, 5
Let t = -19 + 12. Let y be t + 5 - (0 - 44). List the prime factors of y/3*1/1.
2, 7
Let j be 46/6 + (-2)/3. Let r be (-2)/(-5) - (980/(-50) - 4). Let q = r - j. List the prime factors of q.
17
What are the prime factors of (1554/12 + 5)*(-60)/(-5)?
2, 3, 269
Let p(v) = -v**2 + 7*v - 8. Let a be p(4). List the prime factors of a/(-6) - (-3346)/42.
79
Let d = -1676 - -3193. What are the prime factors of d?
37, 41
Suppose 8*u - 12*u + 16 = 0. Let o(j) = 2*j**2 - 4*j + 3. Let d be o(2). Suppose -m + 2*z = d*m - 84, -u*z = 4*m - 84. What are the prime factors of m?
3, 7
Suppose 4*h - 16 - 12 = 0. What are the prime factors of 30/h*42/9?
2, 5
Let f = 7106 - 3878. List the prime factors of f.
2, 3, 269
Suppose u - 6*u - 8 = 2*o, 5*u - 4 = o. Suppose 4*j + 2*q + 3*q - 165 = u, 5*j - 4*q = 196. List the prime factors of j.
2, 5
Let r = 389 + -217. Let a = r + -81. List the prime factors of a.
7, 13
Let c(u) = 4*u**3 - 4*u**2 - u + 1. Let l(h) = -3*h**3 + 3*h**2 + h - 1. Let o(i) = 4*c(i) + 5*l(i). List the prime factors of o(2).
5
Let y be -1 - (-11 - 0)/(-1). Let a = y - -15. Suppose -3*b + a*n + 16 + 110 = 0, -b + 38 = -5*n. List the prime factors of b.
43
Let n(d) be the first derivative of 39*d**2/2 - d + 11. Let s be n(2). Let q = s + -42. List the prime factors of q.
5, 7
Suppose 19*p = 2775 + 7656. What are the prime factors of p?
3, 61
Suppose -119 = -3*q + 4*i, -2*i - 98 = -5*q + 77. Suppose -t + q = 2*t. What are the prime factors of (-12)/((-9)/3) + t?
3, 5
Suppose -4*k - 2*f + 6 = 0, 5*f = -4*k - 0*k + 21. List the prime factors of (-60)/k*77/28.
3, 5, 11
Let r = 519 - 258. Let v = 396 - r. List the prime factors of v.
3, 5
Let u(x) = 39*x - 6. List the prime factors of u(2).
2, 3
List the prime factors of 2/(2 - 85/45).
2, 3
Let j(v) = 4*v + 1. Let c be j(1). Suppose -2*p + 6 = 0, -c*m + 5*p = -3*m + 9. Suppose 0 = -4*i, -20 = -3*n - m*i + 55. List the prime factors of n.
5
Let r = 35 + -31. Suppose 0 = -r*o + y + y + 182, 5*o - 4*y = 232. What are the prime factors of o?
2, 11
Let u be (-19)/(-6) - (2 - (-55)/(-30)). Suppose -u*i + 726 = -3*r, -3*r + 1186 = 5*i - 0*r. List the prime factors of i.
239
Let v be (118 - 9)*2/2. Suppose 0 = 2*w, 3*w + 65 = 2*d - v. List the prime factors of d.
3, 29
Let i be (-7 - -4) + (2 - -155). Suppose n - 2 - i = 0. What are the prime factors of n?
2, 3, 13
Let p = -18 + 8. Let k be ((-52)/p)/(7/70). Suppose 0*y - 3*y = 2*z - 89, 4*y = -z + k. List the prime factors of z.
2, 5
Suppose -3*s - 5*m = -35 - 72, -s + 54 = -2*m. Suppose 0 = g - 14 + s. Let k = 6 - g. What are the prime factors of k?
2, 3
Let h(x) = -4*x**2 - 27*x + 17. Let d(c) = c**2 - 1. Let p(b) = 3*d(b) + h(b). List the prime factors of p(-17).
2, 23
Let j be 0*(3 + 20/(-8)). Suppose -i - o - 4*o = -9, j = -o. Let c = 28 - i. What are the prime factors of c?
19
Suppose -151*t = -145*t - 1062. List the prime factors of t.
3, 59
Let u(p) = 6 + p**3 + 6 - 4 - 45*p + 44*p - 6*p**2. Suppose -9 = 5*r - 39. What are the prime factors of u(r)?
2
Let o be 2/((-6)/15 + 0). Let a(k) = 3*k**2 - 13*k - 7. What are the prime factors of a(o)?
7, 19
Suppose -5*g + 15495 = 5*u, 0 = -6*g - 0*g + 2*u + 18602. What are the prime factors of g?
2, 5, 31
Suppose -2*v - 4*l + 10 = 0, 2*l + l = 3. Let m(t) = -t + 21. Let z be m(18). Suppose -3*n - 3 = 0, -z*u + n + 40 = -v*n. What are the prime factors of u?
2, 3
Let l be 3*(-16)/30*5. Let a = -6 - l. Suppose 7*f = a*f + 25. What are the prime factors of f?
5
Let r(d) = -d**2 - 18*d - 45. Let v be r(-6). Suppose 5*i + 4 = -1, -4 = -n + 3*i. Suppose 0 = x - v + n. What are the prime factors of x?
2, 13
Let o = -5 - -3. Let j be o/9 - 824/18. Let b = j - -71. What are the prime factors of b?
5
Let q = -74 + 651. What are the prime factors of q?
577
Suppose 0 = -s + 2*v + 417, -237 = -s - 3*v + 180. What are the prime factors of s?
3, 139
Suppose -4*s = d - 155, -3*s + 3 = -2*d - 127. Let p(k) = k**3 - 9*k**2 + 8*k + 2. Let o be p(8). Suppose 60 + s = o*t. List the prime factors of t.
2, 5
Let s be (-5)/((-75)/32) - (-4)/(-30). Suppose -10*n = -s*n - 776. List the prime factors of n.
97
Let i(t) = 8*t**2. Let x be i(-1). Let j(p) be the third derivative of -p**5/60 + 7*p**4/12 + p**2 + 4. List the prime factors of j(x).
2, 3
Let j(k) be the first derivative of -k**3/3 - k**2 + 42*k + 22. List the prime factors of j(0).
2, 3, 7
Let l be -4 + -1*(3 - 1). Let b be l/10 + (-36)/15. List the prime factors of -33*(b + (-7)/(-3)).
2, 11
What are the prime factors of (-3680)/(-4) + 4 + 0?
2, 3, 7, 11
Suppose -3*n + d = -0*n + 3, 5*d = 2*n + 15. Suppose n = 5*l + 5*h - 100, 4*l - h = 4*h + 116. List the prime factors of l.
2, 3
Suppose 3*d = 32 - 23. Suppose -d*h + 5*o = -87, -4*h + 4*o = -12 - 112. What are the prime factors of h?
2, 17
Let y = -64 - -545. List the prime factors of y.
13, 37
Let q(g) = g**3 + 11*g**2 + 2*g - 2. Let k be q(-11). Let u = k - -52. List the prime factors of u.
2, 7
Let g be 1/(-3) + (-4)/6. Let b be (0 - -2)*(g - -2). Suppose 2*f + 6 = 0, -2*h + 6*f + 24 = b*f. What are the prime factors of h?
2, 3
Suppose l = -0*l - 6. Let h = 16 + l. Let a = h - -12. List the prime factors of a.
2, 11
Suppose -3*c + 297 = -762. Suppose -562 - c = -5*d. List the prime factors of d.
3, 61
Suppose 5*g - f - 23590 = 0, 0 = -g - 3*g - 4*f + 18896. What are the prime factors of g?
3, 11, 13
Let r(x) be the second derivative of -7*x**5/120 - 5*x**4/24 + 2*x**3/3 + x. Let m(s) be the second derivative of r(s). List the prime factors of m(-5).
2, 3, 5
Suppose 68 = 8*n - 10*n. Let m = n - -114. List the prime factors of m.
2, 5
Let h be 9 - (-6)/(-5)*(-50)/(-15). What are the prime factors of (h - 5)/5 + 198?
2, 3, 11
Let a(p) = -2*p - 7. Let g be a(-9). Suppose 8*s = g*s - 18. List the prime factors of s.
2, 3
Suppose -2*n = 2*x - 32, 5*x = -0*x + 3*